t u(d) = 3*d**2 - 11*d - 43. What are the prime factors of u(13)?
3, 107
Let n(y) = y**2 + y - 4. Let j be n(-3). Suppose -4 + j = -m. List the prime factors of m.
2
Suppose 9 = -5*b + 29. What are the prime factors of b?
2
Let w be 3/9 - 28/3. Let r = 20 + w. List the prime factors of r.
11
Suppose 3*q - 15 = -69. List the prime factors of (-462)/q - (-2)/(-3).
5
Let s(c) = 4*c**2 + 22*c + 5. List the prime factors of s(5).
5, 43
Suppose 0 = -6*d + d + 5*p - 80, -2*p + 56 = -4*d. Let l = d + 21. List the prime factors of l.
3
Let m be 541/7 + (-4)/14. List the prime factors of 3017/m - 4/22.
3, 13
Let h = 5 + -2. Suppose 2*a = -h + 9. Suppose -35 = -4*b - a. List the prime factors of b.
2
Suppose -5*v - 2*s + 271 = 0, 10*s + 285 = 5*v + 5*s. Suppose 5*r + v = 290. List the prime factors of r.
47
Let u be -2 + 2 - 10/1. Suppose 0 = -y + 4*x - 58, -x = x. What are the prime factors of 1/5 + y/u?
2, 3
Suppose 1 = -3*p + 7. Suppose p + 4 = f. What are the prime factors of f?
2, 3
Let s = 17 - 25. Let y(w) = -w - 2. Let q be y(s). List the prime factors of q/(-15) + 44/10.
2
Let v = -4 + 6. Let u be (1 + v)/3 + -8. Let y = -1 - u. List the prime factors of y.
2, 3
Suppose 0 = -5*l + 9*l - 588. What are the prime factors of l?
3, 7
Suppose 331 + 179 = 3*z. List the prime factors of z.
2, 5, 17
Suppose -n + 2*r + 211 = 2*n, -4*r = -n + 67. List the prime factors of n.
71
Let t be -5*1 - (-3 + 4). What are the prime factors of 30*((-22)/t - 3)?
2, 5
List the prime factors of 1646/14 - ((-36)/21)/4.
2, 59
Suppose 9*s - 28 = 5*s. Suppose 8*g - 6 = s*g. What are the prime factors of g?
2, 3
Let z(m) = 3*m**2 - 2*m + 5. Let b(l) = l**2 + 1. Let j(w) = -4*b(w) + z(w). Let x be j(-3). What are the prime factors of 2*(0/x - -1)?
2
Let i = -26 + 11. Suppose -7*k - 8 = -3*k. What are the prime factors of k/(17/i - -1)?
3, 5
List the prime factors of (-4)/(-16) + 223/4.
2, 7
Let i = 10 + -5. Suppose 5*z = 3*q - 4*q + 16, i*q = 5*z - 10. Let v = 14 - z. What are the prime factors of v?
11
Suppose 15 + 17 = -4*x. Let o = 16 + x. What are the prime factors of o?
2
Let f be (-30)/(-2)*4/6. Suppose 0*s = s - f. Suppose -3*u - 1 = -s. What are the prime factors of u?
3
Let j = -6 + 3. Let a = 3 + j. Suppose -4*m + 9 = 3*o, a*m = -2*o + m + 6. List the prime factors of o.
3
Let y(r) be the second derivative of -r**5/5 + r**4/3 + r**3/2 - r**2 - 3*r. What are the prime factors of y(-2)?
2, 5
Let c(z) = z**3 + 5*z**2 - 5*z + 4. Let p be c(3). Let j = p + -32. List the prime factors of j.
29
Let r be (-1)/(2 + 9/(-5)). Let b(s) = -s**2 - 7*s + 7. What are the prime factors of b(r)?
17
Let o = 36 - 18. What are the prime factors of o?
2, 3
List the prime factors of 15*6/50*5.
3
Let p(r) = r**2 - 12*r - 24. List the prime factors of p(-9).
3, 5, 11
What are the prime factors of 1/((20/(-244))/(-5))?
61
Let w(r) be the third derivative of r**2 + 2*r**3 - 1/120*r**6 + 0*r - 2/15*r**5 + 0 + 5/12*r**4. List the prime factors of w(-9).
3
Let s(i) = i**2 - 2*i - 10. What are the prime factors of s(7)?
5
Let q = 18 + -4. List the prime factors of q.
2, 7
Suppose -1 = -r - 0. Let v = -5 - r. Let w = 11 + v. List the prime factors of w.
5
Let l be (-6)/(0 + -1) + 2. Let o be ((-4)/l)/(1/20). What are the prime factors of (8/o)/((-2)/25)?
2, 5
Suppose -5*b = 4*i - 64, 2*b - 2*i - 26 = -4*i. List the prime factors of b.
2, 3
Let j = 5 - -17. List the prime factors of j.
2, 11
Let c(y) = -y**3 + 4*y**2 + 5*y + 4. Suppose 2*s + 0*q - 16 = 3*q, -4*q + 7 = 3*s. List the prime factors of c(s).
2
Suppose 3*r + 4*b = 2*r - 2, -5*b - 1 = 2*r. Suppose 5*x - 43 = -2*k, 3*x - x + r*k - 22 = 0. List the prime factors of x.
7
Let a(d) = -d**3 - 5*d**2 - 4*d - 1. Let b be a(-4). Let q be 192/(-9) - b/3. Let i = -8 - q. List the prime factors of i.
13
Let n(d) = 26*d**3 + 2*d. What are the prime factors of n(2)?
2, 53
Suppose 2*p - 225 - 7 = -4*s, 3*s - 229 = -2*p. What are the prime factors of p?
2, 5, 11
List the prime factors of (155/10)/((-3)/(-6)).
31
Let d = 100 + -65. Suppose 3*a - 8*a = -d. Suppose -5*w + 37 = a. List the prime factors of w.
2, 3
Suppose -4*u - 18 = -2*x, 2*x - 10 = 2*u + 2. What are the prime factors of 37 + (4 - 3) + x?
41
Suppose -5*t - 9 + 4 = 0. Let k = 8 + t. Let v(i) = i**2 - 7*i + 3. What are the prime factors of v(k)?
3
Suppose 0 = -z + 4*z + 69. Let p = -41 - z. Let u = p - -25. What are the prime factors of u?
7
Suppose -4*o + 124 = -4*y, 2*o + 5*y = -o + 53. List the prime factors of o.
2, 13
List the prime factors of 1/(3 + 69/(-24)).
2
Let w = -5 + 5. Suppose 6*f + 87 - 255 = w. What are the prime factors of f?
2, 7
Let w(k) = -k**3 - 8*k**2 + 4*k + 3. Let x(z) = -2*z**2 - 3*z. Let n be x(-3). List the prime factors of w(n).
2, 3
Let p be -3 - 5/(-1) - -4. Let o be (99/p)/(-3)*2. Let c = o - -16. What are the prime factors of c?
5
Let n be 32/12*(-69)/(-2). Suppose 5*y = y + n. List the prime factors of y.
23
Suppose 0 = b - 3*b + 6, 5*j + b = 8. Let h = j + 1. Suppose 3*v = -h*v + 35. What are the prime factors of v?
7
Suppose -j - 4 = 0, 10*o = 5*o + 5*j + 100. What are the prime factors of o?
2
List the prime factors of 706/26 + (-30)/195.
3
Suppose 4*y - i + 16 = 0, 28 = -4*y + i - 3*i. List the prime factors of ((-68)/y)/((-8)/(-20)).
2, 17
Suppose 0 = -3*q + 18. Let b = -7 + 11. List the prime factors of q/b*(-56)/(-21).
2
Let v be ((-4)/(-6))/(2/(-6)). Suppose 2*t - 5 = -1. What are the prime factors of (t/4)/(v/(-20))?
5
Suppose 5*c - 16 - 179 = 0. What are the prime factors of c?
3, 13
Let v(m) = 2*m - 3. Let w(t) = -t**2 - 7*t + 5. Let u be w(-6). Suppose -4*a - 2 = -h - 5*a, 2*h = -5*a - u. List the prime factors of v(h).
11
Let r(z) = z**3 + 4*z**2 + 2*z - 2. Let d be r(-2). List the prime factors of 2/d*(5 + 0).
5
Suppose 4*v - 69 - 26 = -3*l, -2*l - 4*v + 58 = 0. Suppose -3*y - 3*o - o + 35 = 0, 3*y - l = -2*o. List the prime factors of y.
13
Let g(v) = -v**2 - 13*v - 3. What are the prime factors of g(-11)?
19
List the prime factors of 40 + 4 - -6 - (2 - -1).
47
List the prime factors of (33/(-12))/(2 + (-114)/56).
7, 11
Suppose 2*k - 15 = 25. Suppose k = 3*a + a. Suppose 6*g - 8 = 2*g - 4*c, -a*g = 3*c - 14. What are the prime factors of g?
2
Suppose 5*y - 126 = 94. What are the prime factors of y?
2, 11
Suppose 4*o - 406 = 30. List the prime factors of o.
109
Let d be (0 + -10)/(-1 + 0). Let u = -6 + d. What are the prime factors of u?
2
Let s(x) = -202*x + 1. List the prime factors of s(-1).
7, 29
Let d = 18 + -18. Let o(h) = h - 1. Let a be o(5). Suppose d = 2*j - a*j + 20. What are the prime factors of j?
2, 5
Let x = 30 + -21. What are the prime factors of x?
3
Suppose 187 = i + 74. Let y = i - 60. List the prime factors of y.
53
Let i = -3 - -6. Suppose -d - 2 = -2*x, 3*d = -i*x - 2 + 5. Let g(w) = -w**2 + w + 4. List the prime factors of g(d).
2
Let t(s) = s**2 - 18*s + 18. Let v be t(17). Suppose 2*a - 17 = v. What are the prime factors of a?
3
Let b be ((-6)/(-5))/(4/10). Let v be 9/(-2 + 55/20). Suppose -v - b = -3*y. List the prime factors of y.
5
Let d = -16 + 37. Let a = 39 - d. List the prime factors of a.
2, 3
Suppose 5*q + 368 = 9*q. List the prime factors of q.
2, 23
Let p(w) = 2 - 2 + 69*w - 27*w. Let x be p(2). Suppose 5*i = i + x. List the prime factors of i.
3, 7
Suppose 0 = w - 4*c - 6, -2*w + c + 24 = -c. Suppose 2*o - o = w. What are the prime factors of o?
2, 7
Suppose 5*g = 5*i - 995, 2*i + 2*g = -2*g + 410. List the prime factors of i.
3, 67
Let i be (-14)/8*(4 + 0). Let g(j) = 4*j**2 + 10. Let n(t) = -3*t**2 + t - 10. Let o(a) = 4*g(a) + 5*n(a). What are the prime factors of o(i)?
2
Let g(d) = d**3 - 11*d**2 + d - 9. Let s be -11*(-1*3 + 2). List the prime factors of g(s).
2
Suppose 4*i = 4*d + 476, -142 = -2*i - 4*d + 78. What are the prime factors of i?
2, 29
Let v(w) = 3*w**2 + 2*w + 6. What are the prime factors of v(-2)?
2, 7
Suppose 7*j - 2*j + 5*i - 650 = 0, -496 = -4*j + 2*i. Suppose j = -4*v - 18. List the prime factors of (-12)/(-9)*v/(-8).
2, 3
What are the prime factors of (-1)/(-3 + (-1012)/(-338))?
13
Let k(a) = 2*a**3 + 14*a**2 - 3*a + 1. List the prime factors of k(-5).
2, 29
Suppose 2 = 4*x - 6. Suppose x*j = 4 - 0. Suppose j*m + m - 15 = 0. List the prime factors of m.
5
Let w(m) = -5*m - 25. 